 = 2*i - j - 1 - r, 4 = 2*j. What is the units digit of i?
3
Let n be (-106)/(-10) + 15/(-25). Let j = n + -4. What is the units digit of j?
6
What is the tens digit of 8/(-3)*9/(-6) + 127?
3
Let m = -15 - -22. Suppose -8*j + 13 = -m*j. What is the units digit of j?
3
Let c = -103 + 158. Suppose v - 13 = -2*u + 13, c = 5*u + 5*v. What is the tens digit of u?
1
Let a(c) be the first derivative of -c**2/2 + 8*c - 1. Let x be a(6). Suppose -x = q - 9. What is the units digit of q?
7
Let t(q) = 2*q - 4 - 7*q - 6. What is the tens digit of t(-4)?
1
Let d = -60 - -129. What is the tens digit of d?
6
Suppose 5*y - 3*y = -a + 150, -227 = -3*y - 2*a. What is the tens digit of y/3 - (-8)/12?
2
Let u = 44 + -31. What is the tens digit of u?
1
Let o(c) = c + 3. Suppose 3*t = 3*n - n + 10, n = -3*t - 5. Let i be o(n). What is the tens digit of 9/i*(-16)/6?
1
Let t(k) = -k - 5. What is the units digit of t(-10)?
5
Suppose 8*k + 5*z + 5 = 3*k, 0 = -3*k + z - 23. Let t(u) = -u**3 - 5*u**2 - 2*u - 9. What is the units digit of t(k)?
9
Suppose -1 + 9 = 2*y + 5*c, 0 = y + 5*c - 9. Let q be 1*y*(-54)/(-3). Let t = 37 + q. What is the tens digit of t?
1
What is the hundreds digit of 1/(-3)*-3 - 232/(-2)?
1
Let f(h) = -h**3 - 5*h**2 + 7*h + 4. Let o be f(-6). Let y = o + 12. What is the tens digit of y?
1
Let v = 8 + -3. Let f = v + -2. Let h = f + 1. What is the units digit of h?
4
Let a(v) = 2*v**2 + 8*v - 14. What is the tens digit of a(-8)?
5
Let j = 261 - 451. What is the units digit of 1/6 - j/12?
6
Let t be (-10)/(-20) - 29/(-2). Let p = t - -1. What is the units digit of p?
6
Suppose 2*p + p + 4*u = 28, -u = -2*p + 26. Let y be 4/5 - 40/50. Suppose y = -5*t - r + 22, 2*t = r - 3*r + p. What is the units digit of t?
4
Let v be -1*(-1 + 4) + 5. Suppose v*a + a = 9. What is the units digit of a?
3
Suppose -5*b = 2*i - 116 - 2, -2*b = 2*i - 106. Let k = 6 - 4. Suppose -12 = 5*d - v - i, -k*d + 6 = 4*v. What is the units digit of d?
7
Let g = 17 - 15. Suppose -29 - 10 = -3*n. Let s = n - g. What is the units digit of s?
1
Let r = -30 - -86. What is the tens digit of r?
5
Let h(p) = -3*p**2 + 4*p - 3. Let w be h(2). Let v = 8 + w. What is the units digit of v?
1
Let i(v) = -v**3 - v + 15. Let p be i(0). Suppose 4*a - j - p = 0, 0 = -2*a - a - 4*j - 3. What is the units digit of a?
3
Let x(a) = -a + 7. Let l be x(5). Suppose 2*i = 4*n + 10, 25 = 4*i - n - l. Let b(g) = g**2 - 4*g - 9. What is the units digit of b(i)?
2
Suppose -72 = -t + 89. What is the tens digit of t?
6
Suppose -5*x - 107 = -362. What is the units digit of x?
1
Let y(v) = -2*v - 4. Suppose 0 = -3*j + 4*j + 5*p + 14, 2 = -p. What is the units digit of y(j)?
4
Let t be 0 - 2 - -2 - -3. Let w = t + -3. Suppose -2*c + 3*c - 6 = w. What is the units digit of c?
6
Suppose 2*v = 15 - 5, -2*v = -4*y - 10. What is the units digit of (y/4)/2 + 13?
3
Suppose -3*n = 2*n - 5. Let f = 59 + -53. What is the units digit of (f/(-2))/(n/(-3))?
9
Suppose 0 = 3*y - k - 142, -2*k + 62 + 160 = 5*y. What is the units digit of y?
6
Let j(x) = -x**3 - 3*x**2 + 6*x + 1. Let o be j(-4). What is the units digit of o/(-2) + (-8)/(-16)?
4
Suppose -4*u - 2*r + r = 19, 2*u + r = -9. Let w be ((-3)/2)/(u/(-60)). Let h = w + 39. What is the tens digit of h?
2
Let u(b) be the third derivative of -3*b**2 + 1/24*b**4 - 1/6*b**3 + 0 + 0*b + 1/60*b**5. What is the units digit of u(1)?
1
Let o(u) = -u**3 - 4*u**2 - 5*u - 4. Let h be o(-3). Suppose -3*t - 17 = -p, 3*p - 23 = -h*t + 4*t. What is the units digit of 14/(-8)*1*t?
7
Let i = -97 - -218. What is the tens digit of i?
2
Suppose 3*v + v = 12. Let h(f) = f**2 - 2*f + 4. What is the units digit of h(v)?
7
Let z(j) = -11*j**3 + 2*j**2 + 3*j + 1. What is the tens digit of z(-2)?
9
Let b(z) = 3*z**2 + 4*z + 2. Let k be b(-2). What is the units digit of (k/(-4))/(9/(-48))?
8
Let g = -15 - -19. Suppose 2*z - 2 - g = 0. What is the units digit of z?
3
Suppose -3*s - 4 = s. Let j = -3 + s. What is the units digit of (-12)/9*18/j?
6
Let g(r) = 2*r**2 + 1. Let x(o) be the first derivative of -o**2/2 - 2. Let p(i) = g(i) - 5*x(i). What is the units digit of p(-4)?
3
Suppose 2*l - t = -0*t + 216, -5*l = 3*t - 551. What is the units digit of l?
9
Suppose 2*p - 8 + 4 = 4*v, -p + 16 = 5*v. Suppose 0 = y - p + 1. What is the units digit of y?
5
Suppose -14*p = p - 4335. What is the hundreds digit of p?
2
Suppose -4*a - 48 + 4 = 0. Let q = a - -54. What is the units digit of q?
3
Let b = 16 + -12. What is the units digit of b?
4
Let r(h) = h**3 + 14*h**2 + 13*h + 8. Let p be r(-13). Let x(i) = -i**3 + 7*i**2 + 9*i + 11. What is the units digit of x(p)?
9
Suppose 0 = -6*k + 2*k + 20. Suppose -k*m + 167 = 3*b, 0*m + 4*b = 2*m - 46. What is the units digit of m?
1
Suppose 7 + 11 = 2*q - 3*g, q - g = 8. Let a be (-5 + q)/((-2)/(-6)). Suppose z + 5*j = 16, -5*j + 22 = a*z - 6. What is the units digit of z?
6
Let q(i) = -i + 6*i - 5*i - 2*i + 3*i**2. What is the units digit of q(3)?
1
Let f = 14 + 51. What is the units digit of f?
5
Let y(o) = -2*o**2. Let l be y(1). Let n(g) = g**2 + g + 2. Let s be n(l). Suppose -i + s = 3*i. What is the units digit of i?
1
Let p(t) = t**3 + 5*t**2 + 3*t - 1. Let r be p(-4). Let g = -3 + r. Suppose -2*n + 10 = -4*c, g*c + 4 = c. What is the tens digit of n?
1
Suppose -2*h + 123 - 11 = 0. What is the units digit of h?
6
Let u(r) = 29*r - 22. What is the units digit of u(3)?
5
Let t(q) = q**2 - 3*q + 57. What is the hundreds digit of t(11)?
1
Let k(s) = 3*s**2 + 2*s - 2. What is the units digit of k(1)?
3
Let g be -1 - (-8 - -4) - -27. Suppose 0 = -0*x + 2*x - g. What is the tens digit of x?
1
Suppose -3*y = -7*y - 3*s + 16, -4*y + s + 16 = 0. Suppose y = -5*x - 6. What is the units digit of (x + (-8)/(-3))*18?
2
Suppose 4*w - 28 = 72. Let f = 8 + -20. Let d = f + w. What is the units digit of d?
3
Let m(l) = 8*l**3 + l. Let o be m(1). Suppose 4*n - 5 + 1 = 0. Suppose 0 = k - o + n. What is the units digit of k?
8
Let j = -26 + 16. Let m = 29 + j. What is the tens digit of m?
1
Suppose 0 = -5*j + 30 - 10. Suppose -48 - 60 = -j*u. Suppose 0 = 2*a + 4*d - 26, -5*a - 4*d + 20 = -u. What is the units digit of a?
7
Let f be ((-14)/7)/((-2)/3). Suppose 5*q = f*q + 26. What is the tens digit of q?
1
What is the tens digit of -3 - 4/(-4) - (-1 + -70)?
6
What is the units digit of (-5)/((-88)/28 + 3)?
5
Suppose 0 = 5*f - 15. Suppose f + 2 = 5*h. What is the units digit of h?
1
Let m be (-6)/(-21) - 46/14. What is the units digit of 3 + 20 - -1 - m?
7
Suppose -2*x - 29 - 1 = -2*g, 2*g + 5*x = 2. What is the tens digit of g?
1
Suppose 0 = -i - 0 - 1. Let u = 17 + i. What is the units digit of 60/u + 2/8?
4
Let v be 2/(-6)*(-11 + 5). Suppose -3*n = -q - 6, v*q + 8 = 2*n + 2*n. Suppose 3*i + 4*g - 34 = 0, n*g = -i - i + 20. What is the units digit of i?
6
Let f(t) = -13*t - 1. Let j be (-2 - 3) + -1 + 3. What is the tens digit of f(j)?
3
Suppose -452 = -6*g - 68. What is the tens digit of g?
6
Let j = -69 - -65. Let d(w) = w + 0*w**2 + 2*w**2 - w**2 - 4. What is the units digit of d(j)?
8
Suppose 0*x + 3*x = 15. Suppose 7 = 3*q - x. Suppose 2*f + 2 = 4*i, q*i + 4*f + 0*f = 32. What is the units digit of i?
3
Suppose 3 = q - 0*q, -5*g + 45 = 5*q. Let k be 1 + (21*1)/3. What is the units digit of g/k - 2/(-8)?
1
What is the units digit of 48/(2 - -1) - -2?
8
Suppose j + 2*j - 4*b = 673, -1103 = -5*j + 2*b. What is the units digit of j?
9
Suppose 164 = 6*w - 2*w. What is the units digit of w?
1
Let f(y) = 7*y - 4. Let u be (12/14)/(6/42). Let l be f(u). Suppose 4*q + 6 = l. What is the units digit of q?
8
Suppose 2*v + 3*g + 7 = 0, -2*g - 5 = 4*v + g. Suppose 65 - v = 2*l. What is the tens digit of l?
3
Let z be 2*-1 - (-28 + 1). Suppose -79 = -3*o - 4*j, 0 = -8*j + 3*j - z. What is the units digit of o?
3
Let h = 6 - 12. Let y be 17/5 + h/15. Suppose -z = y - 4. What is the units digit of z?
1
Let h be ((-1)/2)/((-9)/432). What is the tens digit of 108/21*112/h?
2
Suppose -q - 3 = -9. Suppose 0 = q*i - 3*i + 5*f - 57, 5*i - 82 = -4*f. What is the tens digit of i?
1
Suppose 0 = -f + i + 2, 2*f - 10 = 4*f + 5*i. Suppose f = -q, 3*q = -d - q + 4. Suppose -5*a + 30 = 4*j, 2*a + 54 = j + d*j. What is the units digit of j?
0
Let b(i) = -4*i**2 + 2*i + 2. Let n be b(2). Let w be (24/(-